 -6*j + 5101. What is the tens digit of j?
8
Let u = 47 + -47. Suppose -12 = -4*f - u. What is the units digit of f?
3
Suppose 4*w + w = -3*q + 15, 5*w = 3*q - 15. Suppose 3*m = -q*j + 696, 7*m - 3*m = -j + 129. What is the hundreds digit of j?
1
Let j(g) = -4*g**2 + 9*g + 9. Let m(i) = i**2 - 1. Let c(h) = j(h) + 3*m(h). Let s be c(11). Let q = s - -47. What is the units digit of q?
1
Suppose -4*s + 5*s - 3*o = 7, -3*s - 2*o + 54 = 0. Let u be (-1 + s)/((-5)/(-10)). Suppose u = -0*i + 2*i. What is the units digit of i?
5
Let z = 51 - 46. What is the units digit of z?
5
Let y = -6767 + 10508. What is the tens digit of y?
4
Suppose 0 = -3*l + 4*m + 1430, l = 2*l - 2*m - 480. What is the tens digit of l?
7
Let k(m) = -m**3 - m + 29. Let l be k(0). Suppose 30*y = -353 + 1553. Let q = y - l. What is the tens digit of q?
1
Suppose 2*f - f = 38. Suppose -4*l + 2 = -3*l - 5*o, -l + f = 4*o. What is the tens digit of l + 6/2 + -2?
2
Let c be -1 - (-3)/5 - 2/(-5). Suppose 4*f + 0*w - 31 = -5*w, c = 4*f - 3*w - 39. What is the units digit of f?
9
Let w(u) = u**2 + 10*u + 45. What is the hundreds digit of w(27)?
0
Suppose 5 = -2*x + 3. What is the hundreds digit of ((-330)/(-9))/x*(-4 + 1)?
1
Suppose 5*w + 49*h = 45*h + 48, -5*h = -2*w + 39. What is the tens digit of w?
1
Suppose d + 3*w = 88, 5*w = -18*d + 13*d + 490. What is the tens digit of d?
0
Suppose -1735 = -7*b + 372. What is the tens digit of b?
0
Let u(w) = -w**3 + 21*w**2 - 32*w - 25. What is the units digit of u(12)?
7
Let z(s) = s**3 + 10*s**2 + s - 3. Let x = 26 - 30. What is the tens digit of z(x)?
8
Let g(x) = 83*x**2 + 2*x - 1. What is the tens digit of g(1)?
8
Let z(m) = -7*m - 1 + 0*m**2 - 4 - m**2. Let u be 4 - 20/(-6)*-3. What is the units digit of z(u)?
1
Let i be 0 + 4 - 0/(-9). Suppose -i*s + 312 = 2*s. What is the tens digit of s?
5
Suppose 2*p - 4*o - 158 = -0*o, 5*p - o = 404. Let x = -47 + p. What is the tens digit of x?
3
What is the units digit of 3 + -1 + 32 - 42/7?
8
Let h(d) = 26*d**2 + 6*d - 31. What is the units digit of h(3)?
1
Suppose u = 5*u + 12. Let v(m) = m**2 - m - 7. Let l be v(u). Suppose l*r = r + 16, 3*x + r = 25. What is the units digit of x?
7
Suppose l = -3*g - 2*l + 42, 3*g - 26 = 5*l. Suppose -2*f - 600 = -g*f. What is the units digit of f?
0
Suppose 2*a = 2*n - 6480, 0*a + 12960 = 4*n + 4*a. What is the units digit of n?
0
What is the units digit of ((-10185)/10)/7*-2?
1
What is the units digit of (1 - -1222) + (-15 - -22)?
0
Suppose r + o - 2144 = 0, 9*o - 7*o = -4*r + 8574. What is the hundreds digit of r?
1
Let w = 1408 + -213. Suppose 87*i - w = 82*i. What is the tens digit of i?
3
Let u(k) = -55*k**2 + 1. Let o be u(1). Let g = o - -89. What is the tens digit of g?
3
Suppose 7*c = 3*c + 8. Suppose 2*p + p - 39 = -4*o, -25 = -c*p - 3*o. What is the units digit of p?
7
Let j(k) = -1 - 10*k - 3 - k**2 - 3 + 2. Suppose -t - 13 = -5. What is the tens digit of j(t)?
1
Let u = 16 - 13. Suppose u*a - 9 = 6. Suppose -5*o - b + 86 = 0, 4*o + 0*b = -a*b + 73. What is the tens digit of o?
1
Suppose 0*l + 3*l = 6. Suppose 55 = l*o + 3. Suppose -o = a - 2*a - 2*q, -2*a + 5*q + 34 = 0. What is the units digit of a?
2
Let i(z) be the third derivative of 0*z + 1/6*z**4 + 0 + 1/2*z**3 + 4*z**2 - 1/60*z**5. What is the units digit of i(4)?
3
Suppose -4*w - 7 = 1, 2*r - 4*w = 26. Let n = 17 + r. What is the units digit of n?
6
What is the units digit of ((-20)/((-480)/(-36)))/(1/(-1780))?
0
Let d = 0 + 1. Let u be d/(-1 + 96/93). Let g = 57 - u. What is the units digit of g?
6
Let m = -92 - -86. What is the units digit of 3 + (m - -5) - -39?
1
Let i = 23 + -21. Suppose -3*w = 2*w, 3*a - 87 = -i*w. What is the tens digit of a?
2
Suppose -2415 = 11*f - 13*f + 3*x, 2*x = f - 1209. What is the tens digit of f?
0
Let x = -62 - -64. Suppose 0 = x*v - 218 + 16. What is the tens digit of v?
0
Suppose 2*u = -2*i + 1266, u = -5*i - 3*u + 3162. What is the tens digit of i?
3
Suppose -22 = -4*j - 0*i + 2*i, -3*j + 14 = -i. Suppose 0 = 3*x + b - 104, 3*b + j + 0 = 0. What is the units digit of x?
5
Suppose 0 = 10*h + 467 - 5657. What is the units digit of h?
9
Let l = 3 - 11. Let z be 3/((-4)/l*2). Suppose 0*h - z = -h. What is the units digit of h?
3
Let j = -13 - -23. Let m = j + -8. Suppose -m*u = u - 69. What is the tens digit of u?
2
Let p = -99 + 104. Suppose 200 = -3*w - 2*m + 668, 143 = w + p*m. What is the tens digit of w?
5
What is the tens digit of ((-75456)/42)/(-6) - 20/(-35)?
0
Let t = 100 - 48. Suppose s + t = 139. What is the units digit of s?
7
Let h = 65 + -41. Let u(p) = 2*p - 2. Let a be u(7). What is the units digit of (-2)/a + 1060/h?
4
Suppose 0 = 3*d - 3 + 18. Let w be 3 + 0 - 5/d. Suppose -p + 3*p - 95 = -3*i, 5*i - 151 = w*p. What is the units digit of i?
1
Let q = -5395 + 8955. What is the units digit of q?
0
Let g = -124 + 23. Let w = g + 193. What is the tens digit of w?
9
Let c be -1*(-138)/(-9)*3. Let r = c - -76. Suppose -3*x + r + 186 = 0. What is the units digit of x?
2
Let q(v) = v - 1. Let f(d) = 8*d + 11. Let z(r) = f(r) - 2*q(r). Let n(k) = -12*k - 26. Let i(c) = -3*n(c) - 7*z(c). What is the tens digit of i(-10)?
4
Let g be 6*-4*(-5)/40. Suppose -4*l = p - 494, 3*l - l - g*p - 254 = 0. What is the hundreds digit of l?
1
Suppose 5*j + 5 - 10 = 0. Let v = 27 - j. Suppose -3*f + 7 = -4*g, 3*g = -0*f - 4*f + v. What is the units digit of f?
5
What is the units digit of (-2 - -3) + 5/(5/222)?
3
Let t be 8*7/(-14) - -4. Let u be (-33)/(1/((-2)/3)). Let r = u - t. What is the units digit of r?
2
Suppose 480 = 86*s - 84*s. What is the tens digit of s?
4
Suppose 8*b - 11 = 3*p + 3*b, 3*b = -3*p - 27. Suppose -r + 12 = -8. Let w = r + p. What is the tens digit of w?
1
Let c = 128 - 132. What is the hundreds digit of 27*((0 - c) + 7 + -4)?
1
Let t = 22 - -14. What is the units digit of t/15 + -2 - 938/(-5)?
8
Let u be 41/3*(-3)/4*-4. Suppose -k + u = 22. What is the units digit of k?
9
Let z(g) = g**2 - 24*g + 28. Let x be z(23). Suppose -c + 8 = -3*n, -2*n + 16 = 3*c - 3*n. Suppose -3*u = 5*s - 167, -c*s + 0 = -x. What is the tens digit of u?
5
Let g be (1 - 2) + (134 - -5). Let j = 210 - g. What is the units digit of j?
2
Let n(k) = -k**2 - 52*k + 16. What is the units digit of n(-14)?
8
Suppose -5*j + 5 = -4*x, 4*x - 30 = -0*x - 2*j. What is the units digit of (-2)/(-2) + x/(-10)*-14?
8
Suppose -3*u = 6*u - 13581. What is the hundreds digit of u?
5
Let d = -1328 + 2437. What is the units digit of d?
9
Let v = -104 - -268. What is the units digit of v?
4
Let h be (-6)/(-3 + 10/4). Suppose 36 = 2*a + h. Let o = 19 - a. What is the units digit of o?
7
Suppose -1750 = 217*j - 218*j. What is the hundreds digit of j?
7
Let l(t) = t**2 - 7*t + 1. Let x(m) = m. Let i(g) = 5*l(g) + 40*x(g). Suppose -10 = -z - 4*n, -2*z + 6*n - 19 = n. What is the units digit of i(z)?
5
Let b(k) = -k**3 + 19*k**2 - 18*k + 23. Suppose -72 = -9*t + 5*t. What is the units digit of b(t)?
3
Suppose -3*r - r + 28 = 4*n, -2*r = 3*n - 18. Let f(b) = 2*b**2 - 3*b - 9. Let v(z) = z + 1. Let a(c) = r*v(c) + f(c). What is the units digit of a(-4)?
6
Let g(k) = -k**2 - 53*k - 54. What is the tens digit of g(-21)?
1
Let z be (3 + 0/3)*1. Suppose -z*p + 158 = -0*q - q, -8 = 4*q. What is the tens digit of p?
5
Suppose 4*w + 3*n - 5930 = 0, -3*n - 2510 = -3*w + 1927. What is the hundreds digit of w?
4
Let d = -832 + 1250. What is the units digit of d?
8
Let p be (-3)/3 + 8 + -5. Suppose 0 = -3*r - y + 310, 510 = -p*r + 7*r - 5*y. What is the units digit of r?
3
Suppose 0 = -5*g - 25, -v + g + 533 = -g. Suppose -344 = -2*t - l, -t - 2*t + 2*l = -v. What is the units digit of t?
3
Let y(z) = z**3 + 3*z**2 + 2*z + 9. Let p be y(-3). Suppose -3*q - 2*q - p*k = -483, 5 = 5*k. What is the units digit of q?
6
Let q = 454 + -179. Let u = 16 + -11. Suppose 0*j - u*j = -q. What is the units digit of j?
5
What is the hundreds digit of ((-5344)/(-128))/(1/4)?
1
What is the units digit of 4/(-14) - (8 - (-65910)/(-91))?
6
Let d(a) = a**3 + 21*a**2 + 21*a + 24. Let c be d(-18). Let q = c - 333. What is the hundreds digit of q?
2
Let p = 13 + -15. Let a(m) = 4*m - 8. Let d(w) = -w - 1. Let u(g) = -a(g) + 4*d(g). What is the units digit of u(p)?
0
Suppose 104 = 4*t - m, -t - m + 35 = m. Suppose l = -2*f